(0).
-5
Let w(h) = 23*h + 232. Give w(-10).
2
Let w(a) = -18*a**2 + 25*a - 2. Calculate w(1).
5
Let s(f) = -2*f**3 - 19*f**2 - 23*f + 20. Calculate s(-8).
12
Let m(h) = 113*h**3 + 2*h**2 - 4*h - 4. Determine m(-1).
-111
Let o(v) = v**2 + 32*v - 151. Determine o(6).
77
Let c(n) = 2*n + 63. Determine c(-20).
23
Let y(f) = -123*f + 59. Determine y(-1).
182
Let d(b) = -39*b**3 + 80*b**2 - 82*b + 2. What is d(1)?
-39
Let u(m) = -7*m**3 + 544*m**2 + 122*m + 2661. Calculate u(78).
9
Let r(j) = -j**2 - 55*j - 696. What is r(-31)?
48
Let p(y) = -20*y + 366. Determine p(15).
66
Let r(w) = -209*w + 1834. Give r(9).
-47
Let i(o) = -2*o**3 + 20*o**2 - 50*o + 497. Calculate i(10).
-3
Let r(h) = 101*h - 1327. What is r(14)?
87
Let h(w) = 19*w - 126. Give h(8).
26
Let m(l) = 440*l + 805. Determine m(-2).
-75
Let f(p) = 2173*p + 30407. Give f(-14).
-15
Let f(x) = 4*x**2 - 3*x + 8. Calculate f(-5).
123
Let n(h) = -217*h**2 - 2179*h + 16. Give n(-10).
106
Let b(z) = -2*z**2 + 68*z - 30. What is b(29)?
260
Let h(b) = -29*b - 48. What is h(-12)?
300
Let c(x) = 3*x**2 - 14*x - 22. Calculate c(5).
-17
Let v(r) = -209*r - 5162. Calculate v(-24).
-146
Let f(u) = 4*u**3 - 58*u**2 - 34*u + 66. Calculate f(15).
6
Let t(d) = 14*d**2 - 105*d - 346. What is t(10)?
4
Let f(m) = -46*m - 543. Calculate f(-14).
101
Let c(d) = -d**3 + 129*d**2 + 1247*d - 663. Determine c(138).
27
Let u(j) = 2*j**3 + 38*j**2 + 66*j + 784. What is u(-18)?
244
Let j(d) = -19*d + 5. Determine j(-6).
119
Let d(q) = q**3 + 18*q**2 - 2393*q - 40971. Determine d(-17).
-1
Let c(b) = -b**3 + 13*b**2 + 84*b - 836. Determine c(15).
-26
Let n(l) = -l**2 - 2379*l + 28694. Give n(12).
2
Let z(s) = 3*s**2 + 35*s - 72. Give z(-14).
26
Let w(n) = n**3 - 15*n**2 - 42*n + 780. Give w(14).
-4
Let t(n) = 3*n**2 - 79*n - 237. Determine t(-3).
27
Let j(d) = -d**2 + 982*d + 6949. Calculate j(-7).
26
Let c(a) = -a**3 - 37*a**2 + 3*a + 15. Calculate c(-37).
-96
Let s(u) = 293*u + 5260. Calculate s(-18).
-14
Let i(u) = -u**2 - 114*u - 1723. Calculate i(-18).
5
Let a(i) = -10*i**2 - 36*i + 86. Determine a(-8).
-266
Let t(z) = -z**2 + 66*z + 712. Calculate t(-10).
-48
Let o(f) = -f**2 - 535*f - 23807. Calculate o(-49).
7
Let f(k) = 421*k - 2512. Calculate f(6).
14
Let x(m) = m**3 - m**2 - 9*m + 3. Determine x(5).
58
Let p(v) = -v**2 + 34*v + 111. Calculate p(37).
0
Let w(n) = -n**3 + 11*n**2 - 12*n + 7. Determine w(9).
61
Let h(k) = k**3 - 16*k**2 + 40*k - 26. Determine h(13).
-13
Let x(d) = -21*d - 616. Give x(-4).
-532
Let m(h) = 11*h - 32. Calculate m(-13).
-175
Let v(p) = -17*p**2 + 126*p + 14. Calculate v(7).
63
Let u(g) = 39*g - 2531. Calculate u(62).
-113
Let h(a) = 422*a + 22797. Calculate h(-54).
9
Let h(j) = j**3 - 8*j**2 + 15*j - 32. What is h(3)?
-32
Let i(w) = -3*w**2 - 11*w + 81. What is i(-9)?
-63
Let b(v) = -5*v**3 + 14*v**2 - 32*v + 1. Give b(2).
-47
Let r(c) = -1793*c + 8961. What is r(5)?
-4
Let u(f) = 7*f**2 - 83*f + 627. Give u(7).
389
Let i(w) = 5*w - 74. What is i(12)?
-14
Let k(u) = 24*u + 173. Determine k(-8).
-19
Let m(j) = j**3 - 73*j + 3. Calculate m(-9).
-69
Let r(s) = -2*s**3 - 20*s**2 - 17*s - 71. Determine r(-9).
-80
Let t(y) = y**3 - 31*y**2 - 39*y + 147. What is t(32)?
-77
Let f(r) = r**3 + 17*r**2 + 20*r - 73. Calculate f(-17).
-413
Let u(l) = 14*l - 33. What is u(6)?
51
Let m(l) = -3*l**3 + 18*l**2 - 33*l + 44. Calculate m(4).
8
Let q(a) = a**2 + 63*a - 315. Give q(6).
99
Let k(b) = -b**3 - 38*b**2 - 158*b + 21. Determine k(-5).
-14
Let h(v) = -165*v**2 + 494*v - 3. What is h(3)?
-6
Let m(c) = -2*c**2 - 19*c + 49. What is m(3)?
-26
Let f(w) = 263*w + 483. Give f(-2).
-43
Let a(b) = -1129*b - 6566. Calculate a(-6).
208
Let t(h) = -21*h + 10. Calculate t(-14).
304
Let k(u) = 1148*u + 19517. Give k(-17).
1
Let h(t) = 3*t**3 - t**2 + 81*t - 61. Calculate h(0).
-61
Let t(h) = -15*h**2 + 8*h - 2. What is t(2)?
-46
Let y(o) = -14*o + 379. What is y(27)?
1
Let i(d) = -2*d**3 - 48*d**2 + 31*d - 111. Determine i(-25).
364
Let u(l) = -19*l - 73. What is u(-9)?
98
Let u(p) = -26644*p + 79937. Give u(3).
5
Let c(s) = -s**3 + 55*s**2 - 480*s - 171. Give c(44).
5
Let j(u) = -265*u + 15610. Determine j(59).
-25
Let c(l) = -6*l**2 + 730*l - 447. Give c(121).
37
Let y(s) = -4*s**2 + 74*s - 311. Give y(5).
-41
Let o(g) = g**2 + 20*g + 46. Give o(-8).
-50
Let m(x) = -63*x - 325. Determine m(-5).
-10
Let a(z) = 23*z**2 + 1060*z + 95. Give a(-46).
3
Let g(a) = a**3 + 32*a**2 + 2*a + 57. What is g(-32)?
-7
Let x(i) = -4*i**2 + 305*i - 5345. What is x(49)?
-4
Let w(x) = x**3 - 46*x**2 - 100*x + 132. Determine w(48).
-60
Let g(i) = -53*i**2 + 1274*i + 44. Determine g(24).
92
Let t(v) = -6*v**3 - 3*v**2 - v + 4. Determine t(2).
-58
Let r(s) = -5*s**2 + 995*s + 9. Calculate r(199).
9
Let a(s) = 3*s**2 - 93*s - 921. Determine a(38).
-123
Let g(s) = -4*s**3 + 33*s**2 + 5. Give g(8).
69
Let k(q) = -2*q**3 - 75*q**2 - 9*q - 1798. Calculate k(-38).
-12
Let j(m) = -271*m - 2276. Give j(-8).
-108
Let h(w) = -5*w**2 + 95*w + 163. Determine h(22).
-167
Let u(r) = 6*r + 51. Determine u(-17).
-51
Let x(t) = -50*t**2 - 72*t - 27. Give x(-1).
-5
Let o(d) = d**3 + d**2 - 11*d - 28. Calculate o(-3).
-13
Let m(n) = 5*n**2 + 55*n - 31. Calculate m(-15).
269
Let k(y) = y**3 + 11*y**2 - 14*y - 27. Calculate k(-14).
-419
Let l(v) = -14*v**3 + 39*v**2 + 3*v - 4. Give l(3).
-22
Let j(n) = 2*n**2 + 15*n + 21. Give j(-15).
246
Let f(n) = -292*n - 865. Calculate f(-3).
11
Let l(g) = -2*g**3 - 107*g**2 + 282*g + 115. Calculate l(-56).
3
Let m(s) = s**3 + 43*s**2 + 120*s - 3. Calculate m(-40).
-3
Let v(y) = 2*y**3 - 70*y**2 + 24*y + 1503. What is v(34)?
7
Let u(s) = -3*s**3 + 10*s**2 + 5*s - 21. What is u(4)?
-33
Let t(q) = -42*q**2 - 51*q - 105. Give t(-2).
-171
Let l(m) = m**3 + 17*m**2 - 82*m + 48. Give l(-21).
6
Let c(m) = -m**3 + 7*m**2 - 4726*m + 33081. Determine c(7).
-1
Let i(y) = -3*y**3 - 7*y**2 + 7*y + 6. Determine i(2).
-32
Let f(p) = -105*p**2 + 8*p - 2. Give f(-1).
-115
Let u(o) = o**2 - 519*o - 1561. Calculate u(-3).
5
Let m(t) = -4*t**2 + 21*t - 85. What is m(7)?
-134
Let a(b) = 42*b**2 + 913*b - 240. Calculate a(-22).
2
Let y(f) = f**3 + 68*f**2 - 59*f + 696. Determine y(-69).
6
Let s(g) = 65*g + 24. Determine s(-1).
-41
Let v(d) = -2*d**3 - 58*d**2 + 47*d - 44. What is v(-30)?
346
Let n(h) = 2*h**3 - 118*h**2 + 112*h - 132. Calculate n(58).
-364
Let l(s) = -236*s**2 + 14*s - 16. Calculate l(1).
-238
Let x(d) = -3*d**2 - 36*d - 25. Calculate x(-11).
8
Let k(u) = 6*u**2 + 289*u - 264. Give k(-49).
-19
Let x(m) = 3*m + 155. Determine x(-33).
56
Let p(m) = -22*m - 36. Determine p(15).
-366
Let x(i) = -i**3 - 13*i**2 - 63*i - 505. Determine x(-11).
-54
Let j(i) = 2*i**3 + 26*i**2 + 50*i - 24. Give j(-9).
174
Let m(j) = 76*j - 1272. What is m(18)?
96
Let v(n) = 114*n + 11014. What is v(-96)?
70
Let r(d) = -d**2 + 81*d + 311. Determine r(85).
-29
Let j(z) = -z**3 + 17*z**2 + 9*z + 32. Calculate j(17).
185
Let a(f) = -f**3 + 16*f**2 + 75*f - 1220. Calculate a(16).
-20
Let n(w) = -6*w**2 - 80*w - 241. Give n(-5).
9
Let d(j) = 6*j + 85. Determine d(-29).
-89
Let b(k) = -2*k**2 - 60*k - 119. Calculate b(-2).
-7
Let b(d) = d**2 - 52*d + 678. Calculate b(25).
3
Let n(v) = -v**2 + 30*v + 2649. What is n(-39)?
-42
Let t(l) = 6*l**3 + 41*l**2 - 162*l - 1138. Give t(-6).
14
Let s(u) = -u**3 - 3*u**2 + 85*u + 162. Give s(-10).
12
Let c(t) = 16*t + 296. Give c(-33).
-232
Let v(h) = 2*h**2 - 139*h + 405. Determine v(3).
6
Let g(w) = 40*w + 107. Give g(-3).
-13
Let d(z) = -z**2 - 25*z + 128. What is d(-30)?
-22
Let l(b) = -17*b - 127. Calculate l(-16).
145
Let p(b) = -b**2 + 16*b - 56. What is p(5)?
-1
Let f(g) = -6*g**2 + 147*g - 951. Give f(13).
-54
Let d(j) = j**3 - 3*j**2 - 127*j - 37. Determine d(13).
2
Let g(o) = o**3 - 7*o**2 + 4*o - 43. Calculate g(7).
-15
Let h(n) = 4710*n - 32950. What is h(7)?
20
Let b(u) = -u**3 + 25*u**2 - u + 39. Calculate b(25).
14
Let n(l) = -10*l**3 + l**2 + 13*l + 56. Calculate n(-3).
296
Let j(t) = 1981*t + 9861. Give j(-5).
-44
Let i(a) = -5*a**2 + 3763*a - 11286. Calculate i(3).
-42
Let w(d) = -13*d**2 + 7*d + 2. Calculate w(6).
-424
Let g(u) = u**3 - 79*u**2 - 165*u + 334. Give g(81).
91
Let d(t) = -113*t + 4714. Determine d(42).
-32
Let q(k) = -k**3 + 18*k**2 - 20*k - 106. Give q(16).
86
Let l(n) = 4*